when 813920 is divided by 271306.
2
What is the remainder when 962256 is divided by 1344?
1296
What is the remainder when 182407 is divided by 124?
3
Calculate the remainder when 790779 is divided by 379.
185
Calculate the remainder when 1533712 is divided by 766754.
204
Calculate the remainder when 3828926 is divided by 16.
14
What is the remainder when 47412 is divided by 5003?
2385
Calculate the remainder when 15422296 is divided by 38.
34
What is the remainder when 325145 is divided by 213?
107
What is the remainder when 163071 is divided by 32613?
6
Calculate the remainder when 35006518 is divided by 60.
58
What is the remainder when 28029736 is divided by 74?
16
Calculate the remainder when 1724640 is divided by 7875.
15
Calculate the remainder when 7300 is divided by 2623.
2054
Calculate the remainder when 15421164 is divided by 116.
8
What is the remainder when 62298890 is divided by 313?
309
What is the remainder when 371210 is divided by 370?
100
What is the remainder when 1014366 is divided by 507170?
26
Calculate the remainder when 314107 is divided by 5.
2
Calculate the remainder when 386488 is divided by 957.
817
Calculate the remainder when 12972785 is divided by 216213.
5
What is the remainder when 11127152 is divided by 65?
62
Calculate the remainder when 1154749 is divided by 33.
13
What is the remainder when 529277 is divided by 264208?
861
Calculate the remainder when 39171205 is divided by 51.
43
What is the remainder when 16791370 is divided by 1253?
1170
Calculate the remainder when 9259181 is divided by 97.
46
Calculate the remainder when 47524711 is divided by 380.
11
Calculate the remainder when 13663693 is divided by 16.
13
Calculate the remainder when 4509003 is divided by 11.
4
Calculate the remainder when 256060069 is divided by 70.
69
What is the remainder when 41055 is divided by 3423?
3402
Calculate the remainder when 7591318 is divided by 220.
218
What is the remainder when 36165125 is divided by 8436?
8429
Calculate the remainder when 1226242 is divided by 2089.
2088
Calculate the remainder when 1138151 is divided by 8309.
8127
What is the remainder when 8186340 is divided by 122?
18
What is the remainder when 50659 is divided by 1953?
1834
What is the remainder when 9438887 is divided by 45161?
238
Calculate the remainder when 10596191 is divided by 1228.
1007
Calculate the remainder when 20061539 is divided by 1746.
1745
What is the remainder when 20166475 is divided by 165?
10
Calculate the remainder when 85358960 is divided by 37.
34
Calculate the remainder when 413513 is divided by 32.
9
Calculate the remainder when 2030835 is divided by 126927.
3
What is the remainder when 33826521 is divided by 507?
495
What is the remainder when 1654212 is divided by 10208?
516
Calculate the remainder when 303302 is divided by 1410.
152
What is the remainder when 10506889 is divided by 3373?
3367
What is the remainder when 680136 is divided by 2699?
2687
What is the remainder when 4176704 is divided by 2118?
8
Calculate the remainder when 1049728 is divided by 156.
4
Calculate the remainder when 1991468 is divided by 3983.
3951
Calculate the remainder when 8549007 is divided by 31315.
12
Calculate the remainder when 5843614 is divided by 284.
30
What is the remainder when 86942 is divided by 12420?
2
What is the remainder when 310857 is divided by 729?
303
Calculate the remainder when 457028 is divided by 2991.
2396
Calculate the remainder when 143104 is divided by 142692.
412
Calculate the remainder when 17415 is divided by 4077.
1107
What is the remainder when 870957 is divided by 73?
67
Calculate the remainder when 307294 is divided by 1491.
148
Calculate the remainder when 135072 is divided by 44817.
621
What is the remainder when 5988747 is divided by 1597?
1594
Calculate the remainder when 5230146 is divided by 237.
30
What is the remainder when 679892 is divided by 339484?
924
What is the remainder when 116873 is divided by 919?
160
Calculate the remainder when 120559 is divided by 1526.
5
What is the remainder when 4440882 is divided by 2283?
447
Calculate the remainder when 25246 is divided by 4167.
244
What is the remainder when 2543587 is divided by 2308?
171
Calculate the remainder when 1279255389 is divided by 6542.
6541
Calculate the remainder when 45894 is divided by 3392.
1798
Calculate the remainder when 13100 is divided by 3199.
304
Calculate the remainder when 5842357 is divided by 884.
1
Calculate the remainder when 220601094 is divided by 20.
14
What is the remainder when 2466373 is divided by 1928?
461
What is the remainder when 849853 is divided by 325?
303
Calculate the remainder when 43565005 is divided by 4840555.
10
Calculate the remainder when 1322270494 is divided by 76.
74
Calculate the remainder when 9267271 is divided by 842472.
79
What is the remainder when 238779 is divided by 121?
46
What is the remainder when 16153670 is divided by 252401?
6
What is the remainder when 1158167 is divided by 2298?
2273
What is the remainder when 2197068 is divided by 94?
6
What is the remainder when 205525 is divided by 65?
60
Calculate the remainder when 44278240 is divided by 4195.
15
Calculate the remainder when 3450651 is divided by 8355.
36
What is the remainder when 7090 is divided by 308?
6
Calculate the remainder when 188023 is divided by 187990.
33
What is the remainder when 196097 is divided by 65362?
11
What is the remainder when 4440110 is divided by 9407?
6
What is the remainder when 3546238 is divided by 1205?
1128
What is the remainder when 97046099 is divided by 81?
80
Calculate the remainder when 240515804 is divided by 807100.
4
Calculate the remainder when 279844074 is divided by 43.
31
Calculate the remainder when 8237616 is divided by 10.
6
What is the remainder when 13344286 is divided by 946?
10
What is the remainder when 148408 is divided by 24573?
970
What is the remainder when 88740980 is divided by 4437048?
20
Calculate the remainder when 38959355 is divided by 17.
13
Calculate the remainder when 2729666 is divided by 68.
10
Calculate the remainder when 38966777 is divided by 1471.
1458
Calculate the remainder when 121974 is divided by 14.
6
What is the remainder when 27078661 is divided by 1699?
1698
Calculate the remainder when 6372088 is divided by 10.
8
What is the remainder when 34779043 is divided by 34779039?
4
Calculate the remainder when 2671375 is divided by 219.
13
What is the remainder when 153066818 is divided by 2149?
2144
Calculate the remainder when 608977 is divided by 137.
12
What is the remainder when 19945729 is divided by 581?
580
Calculate the remainder when 70959 is divided by 4172.
35
Calculate the remainder when 225869 is divided by 1086.
1067
Calculate the remainder when 334723 is divided by 402.
259
What is the remainder when 2714693 is divided by 303?
116
Calculate the remainder when 69256796 is divided by 21.
14
Calculate the remainder when 526782 is divided by 37627.
4
What is the remainder when 8436836 is divided by 40?
36
Calculate the remainder when 825583 is divided by 3535.
1928
Calculate the remainder when 11887936 is divided by 19.
16
What is the remainder when 229716 is divided by 4253?
54
What is the remainder when 642833 is divided by 214248?
89
What is the remainder when 4579404 is divided by 1526468?
0
Calculate the remainder when 204742 is divided by 51164.
86
What is the remainder when 240402 is divided by 17133?
540
What is the remainder when 72116 is divided by 5270?
3606
Calculate the remainder when 109169124 is divided by 105.
99
What is the remainder when 2255932 is divided by 151?
143
What is the remainder when 137859 is divided by 137763?
96
Calculate the remainder when 81584931 is divided by 188854.
3
Calculate the remainder when 109550 is divided by 2989.
1946
Calculate the remainder when 8721411 is divided by 793.
790
Calculate the remainder when 29146352 is divided by 5868.
5864
Calculate the remainder when 13042857 is divided by 137.
46
Calculate the remainder when 357917 is divided by 14873.
965
Calculate the remainder when 16321 is divided by 1379.
1152
Calculate the remainder when 8586186 is divided by 339.
333
What is the remainder when 7379352 is divided by 80210?
32
What is the remainder when 1384435 is divid